Let l be ((-147)/6)/(-7)*400/175. What is t(l)?
9
Let f(b) = 3*b + 17. Let u(j) = 2*j + 10. Let d(n) = -3*f(n) + 5*u(n). Give d(3).
2
Let p(v) be the third derivative of 0*v + 1/24*v**4 - 5*v**2 + 0 + 1/12*v**5 - 5/6*v**3 + 1/120*v**6. Let i = -6 + 1. What is p(i)?
-10
Let k(j) be the second derivative of -1/12*j**4 + 0 + 6*j + 3/2*j**2 - 1/2*j**3. Suppose 0*b + 4 = -b. Calculate k(b).
-1
Let f = -3 - 0. Let w(b) = -b + 5. Let o(k) = k - 5. Let z(d) = f*w(d) - 2*o(d). Let l(i) = i - 2. Let m(t) = 9*l(t) - 4*z(t). Determine m(-2).
-8
Let o(w) = -w**3 + 4*w**2 + 5*w - 5. Suppose 2*c = 4*z + 6*c - 12, 0 = -3*z + 5*c + 17. Determine o(z).
15
Let l be 16/(-3) + 1/3. Let g(t) = -4*t**2 + 87*t**3 + 48*t**3 + 3 + 6*t - 136*t**3. Calculate g(l).
-2
Let o(k) = -2*k**3 + 10*k**2 + 15*k - 16. Let q be o(6). Let y(h) = h**2 - h + 2. Calculate y(q).
4
Suppose -4*o = u - 12, 2*o = -3*u + 5 + 11. Suppose 4*x - 6 - o = 0. Let q(j) = 2*j - 3. Calculate q(x).
1
Let i be (0 - 240/18)*9/(-6). Let j = 7 - 2. Suppose -5*s + 4*s - 4*n - 18 = 0, -i = j*n. Let x(u) = u**2 - u. Give x(s).
6
Let t(s) = -5*s**3 + 3*s**2 + 1. Let b(o) = -25*o**3 + 16*o**2 - o + 5. Let z(f) = 2*b(f) - 11*t(f). Give z(2).
31
Let a = -4 - -10. Let o = a + -6. Suppose o = c + 3*k + 7, -3 = c - 3*k - 2. Let u(y) = -y**2 - 3*y + 4. Determine u(c).
0
Let n(y) = 2*y + 5. Let x(q) = q + 3. Let o(c) = 6*n(c) - 11*x(c). What is o(11)?
8
Let b(h) = -25*h + 3*h**2 + 11*h - h**3 + 2 - h**2 - h**2 + 15*h. Determine b(0).
2
Let c(g) = -g**3 + 7*g**2 - g. Suppose 4*d = 4, -88 = -q - 2*q + 2*d. Suppose 0 = 2*n + 2*n + 2*o - q, 2*n + 2*o = 16. What is c(n)?
-7
Let h(p) = -p + 15. Let l be h(16). Let b be -8 + ((-8)/l - 4). Let v(m) = 0*m - m**2 - 3*m - 3 + 2. What is v(b)?
-5
Let c = -36 - -40. Let g(o) = -3*o + 2 - o**2 - 2*o + c*o + 0*o. Determine g(4).
-18
Let y(h) be the third derivative of h**4/24 + 3*h**3/2 + 11*h**2. Suppose -7*o + 5*o - 12 = 0. Give y(o).
3
Let i(u) = -u**3 + 6*u**2 - 3*u + 4. Let r(j) = -j - 4. Let c(l) = -2*l - 9. Let o(t) = -2*c(t) + 5*r(t). Let q be o(-7). Calculate i(q).
14
Let h(o) be the third derivative of 5*o**4/24 + o**3/3 - 6*o**2. Let u(i) = i**3 - 3*i**2 - 3*i - 2. Let x be u(4). Calculate h(x).
12
Let d(b) = b**3 + 4*b**2 + b + 3. Let a be d(-4). Let u be (5/5)/(a + 0). Let t(k) = 3*k**3 + 3*k**3 - 1 - 2*k**2 - 4*k**3 + 2. Determine t(u).
-3
Let w(v) = v**2 + 14*v + 30. Let j be w(-3). Let d(m) = -2*m**3 - 3*m**2 + 3*m. Determine d(j).
18
Suppose -2*m = 2*z - 6, 4*m = -5*z + 10 + 2. Suppose 3*h + h + 16 = z. Let o(t) = t**2 - t. Let d(x) = -5*x**2 + 8*x - 1. Let i(a) = d(a) + 6*o(a). Give i(h).
7
Let f = 26 - 23. Let m(w) = 0*w**2 + 31 + 0*w**2 - 29 - w**f - 2*w**2 - w. Calculate m(-2).
4
Let o = 36 + -35. Let x(t) = 6 + 16*t - o - 6. Let k = 2 - 1. What is x(k)?
15
Let o(r) = -r + 8. Let n be o(0). Let l(j) = n*j + 10 - 5*j + 0*j. What is l(-7)?
-11
Suppose -3*f = 2*h - 26, 2*f + 3*h - 31 = -7. Let a(p) = -2*p - 7. Calculate a(f).
-19
Suppose 3*z - z = -10. Let y(u) = -11*u - 7. Let r(a) = 6*a + 4. Let m(v) = z*r(v) - 3*y(v). Let h be 9/(-3)*(-4 - -3). Determine m(h).
10
Let i(r) = -2*r + 2. Let a(x) = 2*x**2 + 18*x - 16. Let d(z) = a(z) + 6*i(z). Determine d(-5).
16
Let r be 1 - (4 - (8 + -2)). Let z(o) = -7*o - o**2 - 3*o + r*o + 11. Let s be z(-8). Let u(a) = a + 3. Determine u(s).
6
Suppose 97*j - 80*j = -204. Let z(b) = b**2 + 14*b + 18. What is z(j)?
-6
Let u(j) = 2*j - 1. Let d be 5/(4 - 12/8). Suppose 2*i + 25 = 3*x, 5*i - d*i = -x - 10. Suppose 0*n + x = -n. Calculate u(n).
-11
Let c(h) be the third derivative of h**6/120 + h**5/60 + h**4/24 - 5*h**3/3 + h**2 - 63. Give c(0).
-10
Let c(x) be the first derivative of 20*x**3/3 + x**2/2 + x + 202. What is c(-1)?
20
Suppose -103*j - 2*z = -102*j + 2, -4*j + 5*z - 34 = 0. Let t(f) = 2*f + 15. Determine t(j).
3
Let t(b) be the first derivative of b**3/3 + 11*b**2/2 + 6*b + 154. What is t(-9)?
-12
Let r(b) = -b**2 - b. Let i = 82 - 18. Let m = i + -67. Calculate r(m).
-6
Let k = -19 + 17. Let f(n) be the second derivative of -n**6/360 - n**5/40 - n**4/24 - n**3/3 - 2*n. Let d(b) be the second derivative of f(b). Calculate d(k).
1
Let f(c) = -3*c. Let l(r) = -r + 1. Let h(d) = f(d) - 2*l(d). Suppose 0 = 3*g - 8*g + 85. Suppose -g*m + 21*m + 16 = 0. What is h(m)?
2
Let o be ((-615)/(-82))/(2/(-4)). Let g(p) = -p**3 - 15*p**2 - 2*p - 31. Determine g(o).
-1
Let v(h) = 14*h**2 - 11*h - 6. Let o(c) = 5*c**2 - c - 1. Let f(u) = 3*o(u) - v(u). Give f(-6).
-9
Let h(g) be the first derivative of -g**2 - 15*g - 214. Give h(-11).
7
Let b(p) = p**2 - 4*p + 1. Suppose -2*s = -5*j - 23, 0*j - j = 3*s - 9. Suppose 4*a - 7 = s*q - 3, a = -4*q + 16. Calculate b(q).
-2
Let a be 80/(-60)*(0 - -3). Let c(s) = s**2 - 2*s + 4. Let g(k) = -8*k + 2*k**2 + 3*k**2 + 1 - 6 + 22. Let m(q) = 9*c(q) - 2*g(q). What is m(a)?
-6
Let k = -10 - -14. Let n(u) = -5*u + 7. Let h(g) = 3*g - 4. Let p(w) = -5*w**2 + 9*w. Let x be p(2). Let b(o) = x*n(o) - 5*h(o). Calculate b(k).
-14
Let u(f) = -4*f + 12. Suppose 5*b + 6 = -3*o - 4, 0 = -5*o - 2*b + 15. Calculate u(o).
-8
Let g(m) = m**2 + 8*m - 6. Let v = -43 - -16. Let x = v + 20. Give g(x).
-13
Let l = -617 + 611. Let s(a) = -a**3 - 6*a**2 + 7*a + 3. Let i be s(-7). Let f(d) = 1 + 6 - 3*d + 0*d**i + 5*d**2 + d**3. What is f(l)?
-11
Let p(g) be the third derivative of 0 + 0*g + 5/6*g**3 + 3*g**2 - 1/60*g**5 - 1/3*g**4. Let h be p(-9). Let j(y) = -y - 4. Determine j(h).
0
Let i(g) be the first derivative of g**4/4 - 8*g**3/3 + 7*g**2/2 - g - 90. What is i(7)?
-1
Let f(h) = -h**3 + 5*h**2 - 5*h - 2. Let j be (-36)/(-10) + (-10)/(-25). Suppose -20 = -6*i + j. What is f(i)?
-6
Let r be (-1 - 1) + -1 + (-24)/(-4). Let k(c) = -232*c**2 + 107*c**2 + c + 116*c**2 - c**r + 7. Determine k(-9).
-2
Suppose -3*h + 103 = -5*u + u, 95 = 3*h - 2*u. Suppose 5*v - 2*r = -r - h, 4*v - 4*r + 20 = 0. Let b = v - 0. Let z(w) = 2*w + 8. What is z(b)?
-4
Let h(y) = 0*y**3 - 6*y - 15*y**2 - 21 + 2*y**3 - y**3 - 9*y. Let r be h(16). Let p(u) = -u**2 - 2*u + 3. Calculate p(r).
-12
Let m(d) = 8*d - 33. Let n(c) = -5*c + 18. Let z(w) = -3*m(w) - 5*n(w). What is z(-8)?
1
Suppose 0 = -23*d - 222 - 54. Let v(i) = i**2 + 13*i + 5. Calculate v(d).
-7
Let m(b) = 3 - b**2 + 0*b**2 - 9 + 0*b**2. Let w(v) = v**2 - 3*v. Let s be w(3). Let n be m(s). Let h(z) = -z**2 - 6*z - 7. Calculate h(n).
-7
Let c(n) = n**3 + n + 1. Suppose -2*i - 6 = -4*d + 6, i = -d + 3. Suppose -u = -4*o + 4, 5*o - 3*o + d*u - 16 = 0. What is c(o)?
11
Let l(b) be the second derivative of b**4/12 - b**3 - 2*b**2 - b. Let h = -13039 - -13046. Determine l(h).
3
Suppose 4*n - 2*n = 8. Let c(v) = v**3 + v**2 + 2*v + 2. Let p be c(0). Let s(z) = n*z**p + 4 - 11*z**3 - 3*z + 3 + 12*z**3. Give s(-5).
-3
Let d(b) = b**3 - 7*b**2 + 2*b - 10. Let i(y) = -y - 3. Let h(s) = d(s) - 4*i(s). Calculate h(4).
-22
Let h be 9 + -1*(-60)/(-10). Let j(a) be the second derivative of -1/2*a**h - 3*a + 0*a**2 + 0. Determine j(4).
-12
Let k(x) be the first derivative of -3*x**2 - 8 + x - 1/3*x**3. Let f(d) = -6*d**2 + d - 1. Let z be f(1). Calculate k(z).
1
Let n(c) = c + 3. Let j(x) = -x - 4. Let u be j(-6). Suppose 0 = 5*i - 3*k - u*k - 40, -k + 16 = 2*i. Suppose -3*v = -i*v. Determine n(v).
3
Suppose -2*l - 6 = 0, 0 = -3*x + 8*l - 4*l + 3. Let i(n) = n**3 + 6*n**2 + 4*n. Calculate i(x).
15
Let q be -4*((-28)/6 + 4)/(4/6). Let o(h) = -7*h - 2 - h**3 + 6 + 0 + 6*h**2. Determine o(q).
8
Suppose -1 - 17 = 3*u. Let q(o) = -3*o**2 + o - 4. Let a(t) = -9*t - t + 10 + 8*t**2 + 6*t + 3. Let z(m) = -4*a(m) - 11*q(m). Calculate z(u).
-2
Let v(x) = 222 + 2*x**3 + 2*x**2 - x**3 - 224. What is v(0)?
-2
Suppose -5*j + j - 6 = -n, 3*n - 11 = 5*j. Let f(k) = -k**2 + 0*k**n + 1 + 2 + 4*k. Let i(t) = -2*t**3 + 30*t**2 + 26*t + 101. Let x be i(16). Give f(x).
-2
Let k(f) = -f**2 + 4*f. Suppose -p - 2*p - 18 = 0. Let l = p - -9. Let q be k(l). Let u(a) = 2*a. Calculate u(q).
6
Let h(i) be the second derivative of -i**7/2520 + i**6/80 - 3*i**4/4 - 18*i. Let l(f) be the third derivative of h(f). Calculate l(7).
14
Let w = 436 - 433. Let x(o) = 2*o**3 - 3*o**2 - 4*o - 1. Determine x(w).
14
Let y(m) = 6*m**3 - 50*m**2 - 39*m + 22. Let v(s) = s**3 - 10*s**2 - 8*s + 5. Let n(g) = 11*v(g) - 2*y(g). Determine n(-9).
2